 thousands digit of 134007672?
0
What is the hundred thousands digit of 131867377?
8
What is the hundreds digit of 104053219?
2
What is the millions digit of 687903429?
7
What is the hundreds digit of 15109748?
7
What is the hundreds digit of 8061483198?
1
What is the hundred millions digit of 1734413706?
7
What is the units digit of 135684725?
5
What is the thousands digit of 1493183286?
3
What is the hundred millions digit of 1757368620?
7
What is the ten thousands digit of 3268548869?
4
What is the ten millions digit of 44349805?
4
What is the units digit of 3353001183?
3
What is the millions digit of 650188895?
0
What is the tens digit of 41201754?
5
What is the thousands digit of 109992666?
2
What is the millions digit of 46084989?
6
What is the tens digit of 9019295834?
3
What is the ten thousands digit of 1108681963?
8
What is the thousands digit of 89658969?
8
What is the units digit of 1037020641?
1
What is the thousands digit of 5351313568?
3
What is the ten thousands digit of 39154398?
5
What is the hundreds digit of 576966?
9
What is the millions digit of 311876785?
1
What is the hundred thousands digit of 3333404?
3
What is the hundreds digit of 272987212?
2
What is the ten thousands digit of 231948369?
4
What is the millions digit of 37615688?
7
What is the tens digit of 193780728?
2
What is the millions digit of 31726687?
1
What is the millions digit of 1490807208?
0
What is the ten millions digit of 398301827?
9
What is the hundreds digit of 2278307199?
1
What is the ten millions digit of 11657465?
1
What is the ten thousands digit of 63022722?
2
What is the hundred millions digit of 5322743688?
3
What is the ten thousands digit of 1519624249?
2
What is the hundred thousands digit of 456495003?
4
What is the ten millions digit of 671434558?
7
What is the ten millions digit of 58631098?
5
What is the units digit of 381551221?
1
What is the tens digit of 64502809?
0
What is the tens digit of 73689519?
1
What is the hundred thousands digit of 926528231?
5
What is the units digit of 15205316?
6
What is the billions digit of 1833421708?
1
What is the ten millions digit of 30862805?
3
What is the tens digit of 2018439685?
8
What is the millions digit of 20790735?
0
What is the ten millions digit of 194384268?
9
What is the millions digit of 73462208?
3
What is the tens digit of 74840894?
9
What is the ten millions digit of 443266882?
4
What is the thousands digit of 118943139?
3
What is the units digit of 76112420?
0
What is the hundred millions digit of 613214872?
6
What is the ten thousands digit of 729999298?
9
What is the units digit of 3446040887?
7
What is the ten thousands digit of 660809400?
0
What is the ten millions digit of 775862463?
7
What is the units digit of 1293117739?
9
What is the hundreds digit of 851031904?
9
What is the hundred thousands digit of 114521490?
5
What is the hundred thousands digit of 149467382?
4
What is the ten millions digit of 1139269823?
3
What is the ten thousands digit of 34515886?
1
What is the ten thousands digit of 70676076?
7
What is the thousands digit of 48157354?
7
What is the millions digit of 211478212?
1
What is the millions digit of 3119984154?
9
What is the units digit of 918608351?
1
What is the hundreds digit of 103740261?
2
What is the thousands digit of 33504741?
4
What is the thousands digit of 8958372?
8
What is the units digit of 140252848?
8
What is the ten thousands digit of 630194958?
9
What is the ten thousands digit of 200089031?
8
What is the units digit of 6373469572?
2
What is the thousands digit of 453818206?
8
What is the hundred thousands digit of 46820090?
8
What is the hundred thousands digit of 248214261?
2
What is the hundred thousands digit of 96865933?
8
What is the hundred thousands digit of 112260158?
2
What is the hundred thousands digit of 193921617?
9
What is the ten thousands digit of 2329291511?
9
What is the hundreds digit of 260644927?
9
What is the millions digit of 32805578?
2
What is the billions digit of 2489224486?
2
What is the thousands digit of 2270426983?
6
What is the hundred millions digit of 332848372?
3
What is the hundreds digit of 21543390?
3
What is the millions digit of 29370253?
9
What is the ten thousands digit of 27001575?
0
What is the thousands digit of 43679507?
9
What is the ten millions digit of 2768614615?
6
What is the ten millions digit of 180526134?
8
What is the thousands digit of 513631058?
1
What is the hundred thousands digit of 470860?
4
What is the thousands digit of 45663085?
3
What is the hundreds digit of 825075308?
3
What is the billions digit of 2284513087?
2
What is the ten thousands digit of 600182140?
8
What is the millions digit of 82407750?
2
What is the ten thousands digit of 796909787?
0
What is the hundred thousands digit of 94977716?
9
What is the hundreds digit of 97034448?
4
What is the millions digit of 53935160?
3
What is the ten thousands digit of 634890138?
9
What is the hundred thousands digit of 70829627?
8
What is the units digit of 4422519918?
8
What is the millions digit of 179655577?
9
What is the ten millions digit of 1957141401?
5
What is the millions digit of 257212636?
7
What is the thousands digit of 18248398?
8
What is the hundred thousands digit of 113687379?
6
What is the millions digit of 14528835?
4
What is the hundreds digit of 100057397?
3
What is the hundred thousands digit of 72711438?
7
What is the ten thousands digit of 2612039122?
3
What is the ten millions digit of 472524390?
7
What is the ten millions digit of 129746739?
2
What is the tens digit of 34853976?
7
What is the thousands digit of 246819989?
9
What is the thousands digit of 77594157?
4
What is the hundred thousands digit of 62395880?
3
What is the billions digit of 2229203990?
2
What is the millions digit of 1571322886?
1
What is the ten thousands digit of 7779466957?
6
What is the units digit of 69349512?
2
What is the units digit of 235844646?
6
What is the billions digit of 1966091927?
1
What is the hundred thousands digit of 1921018362?
0
What is the tens digit of 227265742?
4
What is the ten thousands digit of 1331116953?
1
What is the hundred thousands digit of 272452500?
4
What is the millions digit of 44949539?
4
What is the ten millions digit of 13424028?
1
What is the hundred millions digit of 178251304?
1
What is the thousands digit of 1026732841?
2
What is the thousands digit of 38976691?
6
What is the ten millions digit of 435107179?
3
What is the units digit of 93752561?
1
What is the hundred thousands digit of 91049957?
0
What is the hundred thousands digit of 41042082?
0
What is the billions digit of 3623673568?
3
What is the ten thousands digit of 80675?
8
What is the hundreds digit of 1937757146?
1
What is the hundreds digit of 400525799?
7
What is the thousands digit of 1132730260?
0
What is the hundred thousands digit of 14806364?
8
What is the ten millions digit of 4730741722?
3
What is the hundred thousands digit of 4397465875?
4
What is the hundreds digit of 1212294520?
5
What is the ten thousands digit of 4048290184?
9
What is the hundreds digit of 55625055?
0
What is the thousands digit of 358367250?
7
What is the tens digit of 614254731?
3
What is the hundred millions digit of 297204482?
2
What is the units digit of 85186130?
0
What is the thousands digit of 10616638?
6
What is the hundred millions digit of 150783478?
1
What is the hundreds digit of 1089123381?
3
What is the millions digit of 194020335?
4
What is the ten thousands digit of 2091596959?
9
What is the ten thousands digit of 718917722?
1
What is the ten millions digit of 875179857?
7
What is the millions digit of 277951856?
7
What is the hundreds digit of 43624146?
1
What is the hundred thousands digit of 126110965?
1
What is the hundreds digit of 62026665?
6
What is the millions digit of 6428865?
6
What is the units digit of 79784660?
0
What is the billions digit of 3438625530?
3
What is the units digit of 62267221?
1
What is the ten millions digit of 180135743?
8
What is the ten millions digit of 1193724158?
9
What is the hundred thousands digit of 5224951231?
9
What is the millions digit of 341811273?
1
What is the hundreds digit of 92822656?
6
What is the ten thousands digit of 401288290?
8
What is the millions d